= l*d - 19 - 7. What are the prime factors of d?
13
Suppose 6 = 4*u - 4*b - 6, -u - b - 3 = 0. Suppose u = -5*p + 6*p - 26. List the prime factors of p.
2, 13
List the prime factors of (-69)/(3/4*-2).
2, 23
Let f(y) = y**3 + y**2 - y + 1. Let x(p) = -p - 10. Let d be x(-11). What are the prime factors of f(d)?
2
List the prime factors of 8/2 - (7/(-7) - 175).
2, 3, 5
Suppose -3*q + 6*q + 918 = 3*k, -5*q + 276 = k. List the prime factors of k.
7, 43
Let t(c) = 14*c**3 + 2*c - 1. List the prime factors of t(1).
3, 5
Let z = 246 + -103. What are the prime factors of z?
11, 13
Let g(w) = -w**2 + 4*w + 5. Let i be g(5). Let j = 3 + i. Suppose -31 = -j*a - 7. List the prime factors of a.
2
Suppose -g - 4*b + 11 - 2 = 0, -3 = -g - b. What are the prime factors of g/(3/6) + 0?
2
Let f(z) = 4*z**2 - 2*z + 2. Let o(r) = r**3 + 5*r**2 + 3*r - 2. Let s be o(-4). List the prime factors of f(s).
2, 7
Suppose 0 = -0*x - x - 3. Let w = x + 2. List the prime factors of w/(-3)*(16 - 1).
5
Suppose -1213 - 897 = -10*m. List the prime factors of m.
211
Let k = 1 + 8. Suppose -2*c - 3*c = 2*s + 35, -4*c = -4*s. Let w = c + k. What are the prime factors of w?
2
Let r(h) be the third derivative of -h**7/2520 + h**6/240 + h**5/20 + 3*h**2. Let k(t) be the third derivative of r(t). List the prime factors of k(-6).
3, 5
Let p be 2 + 0/(0 + 3). Suppose v = -p*f + 2, 0 = 3*f + v - 5. What are the prime factors of f?
3
Let a = 46 - 20. What are the prime factors of a?
2, 13
Suppose 0 = 2*p - 3*p + 80. Suppose 3*r - p = 70. Suppose 5*n - r = -0*n. What are the prime factors of n?
2, 5
What are the prime factors of -2 + 35 + (-2 - -4)?
5, 7
Let c(h) = 19*h - h**2 + 6*h - 14*h. List the prime factors of c(9).
2, 3
Let z be -3*11/(-3) - 3. Let c = 3 + z. What are the prime factors of c?
11
Let f(c) be the third derivative of c**4/8 + c**3/6 - c**2. List the prime factors of f(4).
13
List the prime factors of 3/((-830)/(-206) - 4).
103
Let r be (1 - -1)/(10/15). Suppose q = r*q + 4. List the prime factors of -2*q/8*26.
13
Let t(y) be the third derivative of 1/24*y**4 + 0*y + 5/6*y**3 + 0 + 2*y**2. What are the prime factors of t(0)?
5
Let b be 1*(2 - -3*9). What are the prime factors of b + (-5 - (-2 - 1))?
3
Let q be 102/18 + (-2)/(-6). Suppose -q*l = -2*l - 56. What are the prime factors of l?
2, 7
Let h(p) = -2*p - 1. Let j be -4 - (-4 - 2/(-1)). What are the prime factors of h(j)?
3
Suppose -4*m = -6*m + 82. What are the prime factors of m?
41
Let t(p) = p**3 - p**2 - p - 1. Let h(n) = 4*n**3 + 2*n**2 - 11*n - 7. Let w(z) = h(z) - 5*t(z). List the prime factors of w(5).
2, 3
Let c(w) = 4*w**2 - 32*w + 40. Let o(j) = j**2 - 8*j + 10. Let v(g) = -2*c(g) + 9*o(g). List the prime factors of v(8).
2, 5
Let l(s) = -3*s**3 + 16*s**2 - 10. Let c(g) = g**3 - 8*g**2 + 5. Let w(n) = 5*c(n) + 2*l(n). Let f(d) = 4*d. Let b be f(-2). List the prime factors of w(b).
5
Let g(b) = 36*b**2 + b. Let k be g(-1). Let a(v) = v**3 + 2*v**2 - v. Let m be a(1). Suppose m*c + 3*q + 4 = -q, 5*c - 5*q = k. What are the prime factors of c?
2
Suppose -3*h = l - 8*h - 50, 3*l - 3*h - 114 = 0. What are the prime factors of l?
5, 7
Suppose -4*d + 2*m = -6*d + 674, 3*d = 4*m + 997. List the prime factors of d.
5, 67
Let s = 11 + -5. Suppose 2*v - 28 = s*v. Let t = v + 19. What are the prime factors of t?
2, 3
Let g(k) = -k**3 + k**2 + k + 8. Let t be g(0). Let f = 26 - t. List the prime factors of f.
2, 3
Suppose q = u + 1, 4*q + u = -0*u + 14. Suppose 7 = -l + 5*d, -5*l - 2*d + 13 = -q*d. Suppose a + 31 = l*n + 3*a, 2*a + 32 = 4*n. List the prime factors of n.
3
Suppose -f = -5*f + 52. Let t(p) = -p**2 + 15*p - 2. What are the prime factors of t(f)?
2, 3
Let d(t) = 2*t**2 - 11*t + 23. What are the prime factors of d(10)?
113
Suppose 5 - 3 = -i. Let r(m) = -6*m + 3*m**2 - 4 - 4*m**2 + 1. What are the prime factors of r(i)?
5
Suppose 3*a + 16 = 85. What are the prime factors of a?
23
Let z = -23 - -12. Suppose 3*g = -2*g - 110. Let q = z - g. List the prime factors of q.
11
Suppose -4*r - 57 = 115. Let v = 70 + r. List the prime factors of v.
3
Suppose 17*y = 19*y - 184. List the prime factors of y.
2, 23
Let u(c) be the third derivative of c**6/120 + c**5/12 + 7*c**3/6 - 8*c**2. List the prime factors of u(-5).
7
Suppose -o + 5*o + 12 = 0. What are the prime factors of (-1)/(o + (-40)/(-14))?
7
Let o = -2 + 44. What are the prime factors of ((-180)/(-70))/(2/o)?
2, 3
Suppose 3*t - 234 = -2*q, -3*t = -q - 0*q - 234. What are the prime factors of t?
2, 3, 13
Suppose 0 = 2*n + 2*n - 56. Suppose 21 = 2*b - 5*o, 4*o = 3*b - n - 21. List the prime factors of b.
13
Suppose -x + 5*s - 18 + 2 = 0, 12 = -x + s. Let y be 70/(-4) + 2/(-4). Let u = x - y. List the prime factors of u.
7
Suppose -x - 2 = 5*f - 19, -f = -5*x + 189. What are the prime factors of x?
37
Suppose a + 5*n - 38 = 0, 5*n - 24 = -5*a + 66. List the prime factors of a.
13
Let j(r) = 13*r**3 + 29*r**2 - 7*r + 13. Let g(h) = -3*h**3 - 7*h**2 + 2*h - 3. Let n(w) = 9*g(w) + 2*j(w). Let m = -8 - -2. What are the prime factors of n(m)?
11
Let f = 7 - 5. Let o be (-2)/(1/(f + -3)). Let t(p) = p + 2. List the prime factors of t(o).
2
Suppose 0 = 8*h - 14*h + 468. List the prime factors of h.
2, 3, 13
Suppose 3*b = -5*m - 6, -3*m + 4 = b - 3*b. Let n = b - -5. What are the prime factors of n?
3
Suppose 0 = y + 6 - 25. What are the prime factors of y?
19
Let t = -10 - -18. List the prime factors of t.
2
Let n = 20 + -2. Suppose c = -c + n. Let t = c + -2. List the prime factors of t.
7
Suppose -3*u = -21 - 93. What are the prime factors of u?
2, 19
Let k be (18/15)/((-4)/(-50)). Let f(p) = p**2 - 2. Let w be f(3). Suppose -w*s = -2*s - k. What are the prime factors of s?
3
Let h(v) be the first derivative of -2*v**2 - 8*v - 1. What are the prime factors of h(-6)?
2
Let v = 12 - 4. Let q = -5 + v. List the prime factors of q.
3
What are the prime factors of (4/(-6))/((-1)/87)?
2, 29
Let c(p) = -2*p**3 + 5*p**2 - 5*p + 2. Let o(i) = -i**3 - i. Let r(x) = c(x) - 3*o(x). List the prime factors of r(-3).
2, 13
Let q(w) = 3*w + 11. Let c(y) = 30*y + 111. Let v(s) = 2*c(s) - 21*q(s). What are the prime factors of v(-8)?
3, 5
Let x(n) = -n + 1. Let k be x(-7). List the prime factors of (k - 3)/((-1)/(-7)).
5, 7
Let n(f) = 2*f**2 - 4. Let b be n(-3). Suppose k = 4*k - 2*a - 33, 4*a + b = 2*k. List the prime factors of k.
13
Suppose 655 = 5*j - 0. What are the prime factors of j?
131
Suppose -3*m - m - v = -9, 0 = -m - 5*v + 26. Suppose -3*a + m + 14 = 0. Suppose -a*g + 60 = -3*i, -3*g - i + 17 = i. What are the prime factors of g?
3
Let k = 5 - -57. What are the prime factors of k?
2, 31
Suppose 0 = -0*c - 2*c - 20. Let p(d) = -2*d - 7. What are the prime factors of p(c)?
13
Let w be (18/10)/(1/5). Suppose a - w = -2*a. What are the prime factors of a?
3
Suppose 5*n = 4*g + 804, -4*n + 3*g - 4*g = -639. Suppose 0 = -5*u - 15 - n. Let l = -22 - u. What are the prime factors of l?
13
Let m(s) = -s - 2. Let o be m(-6). Suppose 3*f = 6, -5*l - o*f = -3*f - 17. Suppose 0 = -3*v - 5*k + 41, 0*v - l*k = -2*v + 2. List the prime factors of v.
7
Suppose -g + 1 = -3. Let t(u) = -4*u + 6. Let f(y) = 1. Let k(n) = 5*f(n) - t(n). What are the prime factors of k(g)?
3, 5
Suppose 15 = 5*s - 0. Suppose -s*x - 4*v + 2 = 0, 2*x = 3*x + 5*v + 14. What are the prime factors of (-3)/(-2)*8/x?
2
Suppose -2*j - 13 = 45. Let t = j - -44. What are the prime factors of t?
3, 5
Suppose 0 = 2*d - 4*o - 8, 0 = o + 1. Suppose 4*v + 5 = -5*q, -5*v + d*v - 5*q - 10 = 0. What are the prime factors of v?
5
Let q = -19 + 39. Suppose -6 = -f - 2*d, -3*f + d + 12 - 1 = 0. Suppose -2*z = -f*z + q. What are the prime factors of z?
2, 5
Suppose 2*m - 186 + 62 = 0. List the prime factors of m.
2, 31
Let x = -12 + 22. Suppose -k - 4*k = x. Let m = k - -5. What are the prime factors of m?
3
Let q = 26 - 8. List the prime factors of q.
2, 3
Suppose 3*v + 2*k + 27 = -0*v, 18 = -2*v + 2*k. Let r(w) = -w - 4. Let x be r(v). Suppose 8 = x*i - 67. What are the prime factors of i?
3, 5
Let n = 20 - 12. What are the prime factors of n?
2
Let i(t) = -45*t - 14. Let k(w) = -9*w - 3. Let p(m) = -2*i(m) + 11*k(m). List the prime factors of p(-5).
2, 5
Suppose -2*j + 18 = j. Let m be (j - -1)/(2/4). Suppose m = 4*t - 